
Calculate the remainder when 78801389 is divided by 5628670.
9
Calculate the remainder when 43378712 is divided by 46444.
16
What is the remainder when 17556549 is divided by 39?
36
Calculate the remainder when 10991909 is divided by 230.
209
Calculate the remainder when 68780096 is divided by 218.
6
Calculate the remainder when 546485 is divided by 10926.
185
What is the remainder when 195966 is divided by 520?
446
Calculate the remainder when 595389 is divided by 6947.
4894
What is the remainder when 31953406 is divided by 25?
6
Calculate the remainder when 39283 is divided by 309.
40
Calculate the remainder when 42928 is divided by 4654.
1042
Calculate the remainder when 234937 is divided by 1140.
97
Calculate the remainder when 128631 is divided by 427.
104
Calculate the remainder when 25048456 is divided by 5554.
5470
Calculate the remainder when 3307744 is divided by 2789.
2779
Calculate the remainder when 434702 is divided by 34.
12
What is the remainder when 6159200 is divided by 170?
100
What is the remainder when 235605 is divided by 2642?
467
What is the remainder when 12711 is divided by 361?
76
What is the remainder when 16025878 is divided by 2959?
2893
What is the remainder when 78441 is divided by 25624?
1569
What is the remainder when 2710414 is divided by 2209?
2180
Calculate the remainder when 383468 is divided by 47929.
36
What is the remainder when 283631320 is divided by 3079?
3077
What is the remainder when 11056276 is divided by 11056143?
133
What is the remainder when 35378207 is divided by 1360700?
7
Calculate the remainder when 2976295 is divided by 153.
139
What is the remainder when 144648 is divided by 5154?
336
What is the remainder when 70271 is divided by 67?
55
Calculate the remainder when 43721 is divided by 195.
41
What is the remainder when 462580 is divided by 9069?
61
What is the remainder when 19142 is divided by 2048?
710
Calculate the remainder when 5985 is divided by 1004.
965
Calculate the remainder when 59945 is divided by 645.
605
Calculate the remainder when 180279 is divided by 2543.
2269
Calculate the remainder when 330530 is divided by 110174.
8
Calculate the remainder when 40859069 is divided by 618.
617
Calculate the remainder when 54813 is divided by 4312.
3069
What is the remainder when 11441 is divided by 10325?
1116
What is the remainder when 9291621 is divided by 322?
311
What is the remainder when 209681791 is divided by 291?
286
Calculate the remainder when 45311 is divided by 41328.
3983
Calculate the remainder when 1134850 is divided by 758.
124
What is the remainder when 1030475 is divided by 3031?
2966
Calculate the remainder when 185260 is divided by 375.
10
What is the remainder when 433674 is divided by 556?
550
What is the remainder when 1550055 is divided by 16?
7
What is the remainder when 1569291 is divided by 465?
381
Calculate the remainder when 36804116 is divided by 242132.
52
What is the remainder when 1348447 is divided by 43498?
9
Calculate the remainder when 69438517 is divided by 2540.
2537
What is the remainder when 77914105 is divided by 611?
607
Calculate the remainder when 136321 is divided by 44974.
1399
Calculate the remainder when 69651 is divided by 13451.
2396
What is the remainder when 4909789 is divided by 25178?
79
What is the remainder when 674738 is divided by 237?
236
What is the remainder when 160845 is divided by 6186?
9
What is the remainder when 32715 is divided by 8139?
159
What is the remainder when 232992 is divided by 107974?
17044
What is the remainder when 300897 is divided by 100244?
165
What is the remainder when 496735 is divided by 293?
100
What is the remainder when 137196 is divided by 34293?
24
Calculate the remainder when 2930255 is divided by 6690.
35
Calculate the remainder when 88129 is divided by 43757.
615
What is the remainder when 48368714 is divided by 3224575?
89
Calculate the remainder when 59048 is divided by 10515.
6473
Calculate the remainder when 344523710 is divided by 40.
30
What is the remainder when 90137494 is divided by 18?
10
What is the remainder when 21713361 is divided by 22?
21
What is the remainder when 6667212 is divided by 333355?
112
Calculate the remainder when 17844911 is divided by 889.
14
Calculate the remainder when 719748161 is divided by 126.
125
What is the remainder when 5197000 is divided by 61869?
4
Calculate the remainder when 2404495 is divided by 39.
28
What is the remainder when 4216799 is divided by 1405574?
77
Calculate the remainder when 9074516 is divided by 7.
3
Calculate the remainder when 102225 is divided by 71.
56
Calculate the remainder when 1483692 is divided by 31567.
43
Calculate the remainder when 1103847 is divided by 266.
213
Calculate the remainder when 9710276 is divided by 882751.
15
What is the remainder when 1828755 is divided by 1036?
215
What is the remainder when 9068570 is divided by 1835?
0
Calculate the remainder when 35152570 is divided by 5021794.
12
What is the remainder when 2669166 is divided by 870?
6
What is the remainder when 295826 is divided by 1256?
666
What is the remainder when 38029 is divided by 453?
430
Calculate the remainder when 718617 is divided by 8871.
66
Calculate the remainder when 1800964595 is divided by 1874.
1871
Calculate the remainder when 150557 is divided by 25083.
59
What is the remainder when 71527 is divided by 7888?
535
Calculate the remainder when 21213584 is divided by 200128.
16
What is the remainder when 119297 is divided by 2544?
2273
What is the remainder when 1425184 is divided by 7?
5
Calculate the remainder when 414349 is divided by 870.
229
What is the remainder when 270918 is divided by 900?
18
Calculate the remainder when 8351411 is divided by 30041.
13
Calculate the remainder when 669470 is divided by 15927.
536
What is the remainder when 48963044 is divided by 40?
4
Calculate the remainder when 1441072 is divided by 393.
334
What is the remainder when 1012173 is divided by 1843?
366
Calculate the remainder when 11844390 is divided by 28.
26
What is the remainder when 2245316 is divided by 270?
266
Calculate the remainder when 1163289 is divided by 71.
25
Calculate the remainder when 13604 is divided by 2828.
2292
Calculate the remainder when 531085 is divided by 528869.
2216
What is the remainder when 7361293 is divided by 2310?
1633
What is the remainder when 5761 is divided by 226?
111
What is the remainder when 128328716 is divided by 64164357?
2
Calculate the remainder when 124238304 is divided by 1468.
1464
What is the remainder when 14212479 is divided by 208?
47
Calculate the remainder when 82757 is divided by 2415.
647
Calculate the remainder when 248282274 is divided by 149.
147
What is the remainder when 17758753 is divided by 1109922?
1
What is the remainder when 183551 is divided by 183123?
428
What is the remainder when 2961780 is divided by 103?
15
Calculate the remainder when 776564 is divided by 219.
209
What is the remainder when 218922145 is divided by 150?
145
Calculate the remainder when 171483 is divided by 893.
27
What is the remainder when 5757315 is divided by 31?
26
Calculate the remainder when 24165 is divided by 7907.
444
What is the remainder when 7725030 is divided by 1541?
1538
Calculate the remainder when 252446 is divided by 41753.
1928
What is the remainder when 1544254 is divided by 9247?
5
What is the remainder when 45449838 is divided by 680?
678
What is the remainder when 100241 is divided by 33348?
197
What is the remainder when 3498566 is divided by 1268?
154
Calculate the remainder when 10828461 is divided by 2006.
73
Calculate the remainder when 1027406 is divided by 2268.
2
What is the remainder when 4084416 is divided by 1193?
777
Calculate the remainder when 2635744 is divided by 4393.
4337
Calculate the remainder when 10831514 is divided by 6979.
106
What is the remainder when 465041 is divided by 18?
11
Calculate the remainder when 1746765 is divided by 581974.
843
Calculate the remainder when 8895061 is divided by 15179.
167
What is the remainder when 30642684 is divided by 13191?
13182
What is the remainder when 1021398 is divided by 4531?
1923
What is the remainder when 51549 is divided by 4986?
1689
What is the remainder when 14762501 is divided by 92?
89
What